{"id":124,"date":"2016-03-16T12:06:15","date_gmt":"2016-03-16T11:06:15","guid":{"rendered":"http:\/\/libre-cueillette.net\/?page_id=124"},"modified":"2022-11-29T18:11:53","modified_gmt":"2022-11-29T17:11:53","slug":"libre-cueillette-antenne-angloye-des-incroyables-comestibles","status":"publish","type":"page","link":"https:\/\/libre-cueillette.net\/index.php\/libre-cueillette-antenne-angloye-des-incroyables-comestibles\/","title":{"rendered":"Libre Cueillette, antenne angloye des Incroyables Comestibles"},"content":{"rendered":"<div class=\"wp-block-image\">\n<figure class=\"aligncenter\"><img loading=\"lazy\" decoding=\"async\" width=\"700\" height=\"208\" src=\"https:\/\/libre-cueillette.net\/wp-content\/uploads\/florent_IMG-20210130-WA0005.jpg\" alt=\"\" class=\"wp-image-6820\" srcset=\"https:\/\/libre-cueillette.net\/wp-content\/uploads\/florent_IMG-20210130-WA0005.jpg 700w, https:\/\/libre-cueillette.net\/wp-content\/uploads\/florent_IMG-20210130-WA0005-300x89.jpg 300w\" sizes=\"auto, (max-width: 700px) 100vw, 700px\" \/><figcaption class=\"wp-element-caption\">Jardiner ! (dessin de Florent, janvier 2021)<\/figcaption><\/figure>\n<\/div>\n\n<p><span style=\"color: #00680f;\"><strong>Principe<\/strong> <strong>: Planter des v\u00e9g\u00e9taux comestibles<\/strong><\/span> <span style=\"color: #000000;\">partout o\u00f9 c&rsquo;est possible, propos\u00e9s en libre cueillette. On peut r\u00e9colter un peu, mais pas tout, pour en laisser aux autres. Si besoin, le passant pourra arroser, semer, planter pour remplacer ce qui aura \u00e9t\u00e9 pr\u00e9lev\u00e9.<\/span><\/p>\n<p><span style=\"color: #00680f;\"><strong>But : Inciter au partage<\/strong><\/span> <span style=\"color: #000000;\">(d&rsquo;exp\u00e9rience, de fruits, de l\u00e9gumes, d&rsquo;aromatiques, &#8230;),<\/span> <strong><span style=\"color: #00680f;\">\u00e0 l&rsquo;\u00e9change<\/span><\/strong><span style=\"color: #000000;\"> (d&rsquo;impressions, de bons proc\u00e9d\u00e9s, de graines, de boutures, &#8230;), \u00e0 cultiver et manger bio, \u00e0 encourager la production locale de produits alimentaires sains, \u00e0 rendre la ville plus conviviale&#8230;<\/span><\/p>\n<p><span style=\"color: #00680f;\"><strong>Moyens<\/strong> <\/span><span style=\"color: #000000;\"><span style=\"color: #00680f;\">: <\/span>Cr\u00e9ation et animation de jardins partag\u00e9s dans des ensembles r\u00e9sidentiels, dans des cr\u00e8ches, dans les \u00e9coles, sur des espaces publics&#8230; Animations \u00ab\u00a0satellites\u00a0\u00bb autour du jardin partag\u00e9 &#8211; Conf\u00e9rences<\/span><\/p>\n<p><span style=\"color: #000000;\"><span style=\"color: #008000;\"><strong>Qu&rsquo;est-ce qu&rsquo;un jardin partag\u00e9 ? <\/strong><\/span>C&rsquo;est un lieu privil\u00e9gi\u00e9 pour y faire bien plus que du jardinage.<\/span><\/p>\n<ul>\n<li style=\"list-style-type: none;\">\n<ul>\n<li style=\"list-style-type: none;\">\n<ul>\n<li><span style=\"color: #000000;\">Les activit\u00e9s qui s\u2019y d\u00e9roulent permettent de d\u00e9velopper le lien social, d\u2019apaiser les rapports de voisinage, d\u2019apprendre \u00e0 se conna\u00eetre.<\/span><\/li>\n<li><span style=\"color: #000000;\">Elles am\u00e8nent les participants \u00e0 devenir \u00ab consomm\u2019acteurs \u00bb.<\/span><\/li>\n<li><span style=\"color: #000000;\">Elles entra\u00eenent l\u2019apprentissage de la patience, non seulement \u00e0 l\u2019\u00e9gard des autres, mais aussi du cycle v\u00e9g\u00e9tal li\u00e9 au d\u00e9roulement des saisons.<\/span><\/li>\n<li><span style=\"color: #000000;\">Le jardin partag\u00e9 est un lieu d\u2019exp\u00e9rimentation. La r\u00e9flexion sur les causes des \u00e9checs de production de certains l\u00e9gumes et, en contrepartie, la joie d\u2019avoir effectu\u00e9 de belles r\u00e9coltes d\u2019autres l\u00e9gumes am\u00e8nent tout un chacun \u00e0 gagner en exp\u00e9rience, en comp\u00e9tence et en confiance en soi.<\/span><\/li>\n<li><span style=\"color: #000000;\">C\u2019est un lieu d\u2019observation, celle de la pousse des plantations, mais aussi de la biodiversit\u00e9 sauvage qui s\u2019y installe, et de leurs interactions mutuelles. Il am\u00e8ne \u00e0 des r\u00e9flexions telles que : \u00ab Est-il n\u00e9cessaire d\u2019intervenir et de quelle fa\u00e7on, ou bien vaut-il mieux attendre, laisser faire, partager la production avec les limaces, les pucerons, les chenilles, les champignons\u2026 ? \u00bb<\/span><\/li>\n<li><span style=\"color: #000000;\">C\u2019est un lieu de sensibilisation au changement climatique : comment faire pour le prot\u00e9ger de la canicule, de la s\u00e9cheresse, des bourrasques de vent, des fortes averses ? La recherche de solutions est orient\u00e9e vers des moyens naturels, paillage, haie, tonnelle v\u00e9g\u00e9tale, s\u00e9lection de v\u00e9g\u00e9taux robustes (locaux, anciens)\u2026<\/span><\/li>\n<\/ul>\n<\/li>\n<\/ul>\n<\/li>\n<\/ul>\n<ul>\n<li style=\"list-style-type: none;\">\u00a0<\/li>\n<\/ul>\n<ul>\n<li style=\"list-style-type: none;\">\u00a0<\/li>\n<\/ul>\n<ul>\n<li style=\"list-style-type: none;\">\u00a0<\/li>\n<\/ul>\n<ul>\n<li style=\"list-style-type: none;\">\u00a0<\/li>\n<\/ul>\n<ul>\n<li style=\"list-style-type: none;\">\u00a0<\/li>\n<\/ul>\n<ol start=\"2\">\n<li style=\"list-style-type: none;\">\n<ol start=\"2\">\n<li><span style=\"color: #000000;\"><b>Cahier des charges<\/b><\/span><\/li>\n<\/ol>\n<\/li>\n<\/ol>\n<ul>\n<li style=\"list-style-type: none;\">\n<ul>\n<li style=\"list-style-type: none;\">\n<ul>\n<li><span style=\"color: #000000;\">Pour assurer son succ\u00e8s et sa p\u00e9rennit\u00e9, nous consid\u00e9rons que tout projet de jardin partag\u00e9 doit \u00e9maner des habitants (sur proposition du bailleur social). Un questionnaire sur leurs attentes, soumis bien avant la signature, pourra les aider \u00e0 y r\u00e9fl\u00e9chir en les pr\u00e9venant de l\u2019existence d\u2019un espace d\u00e9di\u00e9 au jardinage en commun.<\/span><\/li>\n<li><span style=\"color: #000000;\">La r\u00e9flexion sur l\u2019implantation et la conception de cet espace devra id\u00e9alement \u00eatre int\u00e9gr\u00e9e au projet global de construction de l\u2019ensemble r\u00e9sidentiel. Le lieu devra b\u00e9n\u00e9ficier d\u2019un bon ensoleillement, d\u2019un acc\u00e8s facile, d\u2019une terre propice au mara\u00eechage, d\u2019une source d\u2019eau \u00e0 proximit\u00e9 (par exemple, une cuve reli\u00e9e aux goutti\u00e8res de r\u00e9ception des eaux pluviales, relay\u00e9e lorsqu\u2019elle est vide par un robinet d\u2019eau de la ville). Nous pouvons vous assister dans cette d\u00e9marche.<\/span><\/li>\n<li><span style=\"color: #000000;\">Un local attenant ou une cabane de jardin permettra de ranger les outils dans un lieu d\u00e9di\u00e9.<\/span><\/li>\n<li><span style=\"color: #000000;\">La mise en place d\u2019un jardin partag\u00e9 ne se r\u00e9duit pas \u00e0 l\u2019enseignement de pratiques agricoles, de botanique ou de zoologie. Il s\u2019agit bien plus de g\u00e9n\u00e9rer un climat d\u2019entente cordiale et de collaboration entre les participants afin de cr\u00e9er un groupe p\u00e9renne autour de quelques \u00e9l\u00e9ments moteurs, \u00e9ventuellement plus motiv\u00e9s ou plus exp\u00e9riment\u00e9s. Ceci demande du temps, le minimum \u00e9tant deux ans, l\u2019id\u00e9al \u00e9tant que Libre Cueillette les assiste pendant trois ann\u00e9es cons\u00e9cutives.<\/span><\/li>\n<li><span style=\"color: #000000;\">Durant les six premiers mois, le groupe se forme, commence \u00e0 exp\u00e9rimenter, le r\u00f4le de l\u2019animatrice de Libre Cueillette n\u2019est pas de les noyer d\u2019informations, mais plut\u00f4t de les affranchir de leurs inhibitions (\u00ab Je n\u2019ai pas la main verte, tout meurt dans mon appartement, je n\u2019y connais rien\u2026 \u00bb).<\/span><\/li>\n<li><span style=\"color: #000000;\">Ensuite, il s\u2019agit d\u2019organiser la mise en place d\u2019une cagnotte commune (pour l\u2019achat de graines, de plants, de petit mat\u00e9riel), de faire appel aux bricoleurs pour l\u2019am\u00e9nagement de la cabane, d\u2019un espace convivialit\u00e9 en bordure du jardin, de bacs pour les personnes qui ne peuvent se pencher (la terre est basse), la r\u00e9alisation d\u2019une signal\u00e9tique pour indiquer le nom des plantes (\u00e0 l\u2019attention des jardiniers et des visiteurs) et enfin d\u2019engager \u00e0 la r\u00e9daction d\u2019une charte d\u00e9terminant les r\u00e8gles, droits et devoirs des jardiniers et visiteurs. Elle devra \u00eatre affich\u00e9e \u00e0 l\u2019entr\u00e9e du jardin.<\/span><\/li>\n<li><span style=\"color: #000000;\">Enfin, la vie dans la r\u00e9sidence devra \u00eatre envisag\u00e9e comme un tout. Le jardin partag\u00e9 n\u2019est pas l\u2019unique source d\u2019oxyg\u00e8ne des habitants. Bien des conflits pourront \u00eatre \u00e9vit\u00e9s siun espace est pr\u00e9vu pour les animaux domestiques (chiens, chats) et leurs d\u00e9jections. Les enfants ont aussi besoin de prendre l\u2019air, de bouger, de s\u2019amuser dehors. En dehors du temps de jardinage en pr\u00e9sence des adultes, il est souhaitable qu\u2019ilsdisposent dans l\u2019enceinte r\u00e9sidentielle d\u2019un espace vert \u00e0 l\u2019abri de la circulation automobile.<\/span><\/li>\n<\/ul>\n<\/li>\n<\/ul>\n<\/li>\n<\/ul>\n<ul>\n<li style=\"list-style-type: none;\">\u00a0<\/li>\n<\/ul>\n<ul>\n<li style=\"list-style-type: none;\">\u00a0<\/li>\n<\/ul>\n<ul>\n<li style=\"list-style-type: none;\">\u00a0<\/li>\n<\/ul>\n<ul>\n<li style=\"list-style-type: none;\">\u00a0<\/li>\n<\/ul>\n<ul>\n<li style=\"list-style-type: none;\">\u00a0<\/li>\n<\/ul>\n<ul>\n<li style=\"list-style-type: none;\">\u00a0<\/li>\n<\/ul>\n<ol start=\"3\">\n<li style=\"list-style-type: none;\">\n<ol start=\"3\">\n<li><span style=\"color: #000000;\"><b>Ateliers \u00ab satellites \u00bb en lien avec les jardins partag\u00e9s<\/b><\/span><\/li>\n<\/ol>\n<\/li>\n<\/ol>\n<p align=\"justify\"><span style=\"color: #000000;\">Autour du jardinage proprement dit, d\u2019autres actions peuvent se greffer.<\/span><\/p>\n<ul>\n<li style=\"list-style-type: none;\">\n<ul>\n<li><span style=\"color: #000000;\"><b>\u00ab Du sol \u00e0 l\u2019assiette et de l\u2019assiette au sol \u00bb<\/b>\u00a0: sensibilisation \u00e0 la vie du sol, \u00e0 la n\u00e9cessit\u00e9 d\u2019alimenter les organismes sauvages (vers de terre, bact\u00e9ries, insectes\u2026) qui s\u2019y trouvent et d\u2019en augmenter la biodiversit\u00e9 par les pratiques du compostage et du paillis. Les d\u00e9chets (v\u00e9g\u00e9taux) de cuisine deviennent ainsi une ressource pour le jardin.<\/span><\/li>\n<\/ul>\n<\/li>\n<\/ul>\n<ul>\n<li style=\"list-style-type: none;\">\n<ul>\n<li><span style=\"color: #000000;\">Diversifier les plantations dans le jardin, c\u2019est bien, mais apprendre \u00e0 cuisiner les l\u00e9gumes, c\u2019est indispensable, et \u00e0 agr\u00e9menter les plats avec des aromatiques fra\u00eechement cueillies ou s\u00e9ch\u00e9es pour magnifier leur go\u00fbt, c\u2019est encore mieux ! <b>\u00ab\u00a0<\/b><b>Atelier cuisine et d\u00e9gustation\u00a0\u00bb<\/b>\u00a0!<\/span><\/li>\n<\/ul>\n<\/li>\n<\/ul>\n<ul>\n<li style=\"list-style-type: none;\">\n<ul>\n<li><span style=\"color: #000000;\"><b>\u00ab A<\/b><b>telier interg\u00e9n\u00e9rationnel\u00a0\u00bb<\/b>\u00a0: Libre Cueillette a l\u2019exp\u00e9rience d\u2019animations dans des cr\u00e8ches. Il est possible d\u2019inviter les tout-petits d\u2019une cr\u00e8che de la r\u00e9sidence \u00e0 venir au jardin partag\u00e9 en m\u00eame temps que d\u2019autres r\u00e9sidents pour y jardiner ensemble.<\/span><\/li>\n<\/ul>\n<\/li>\n<\/ul>\n<ul>\n<li style=\"list-style-type: none;\">\n<ul>\n<li><span style=\"color: #000000;\">La sant\u00e9 passe par une alimentation \u00e9quilibr\u00e9e, diversifi\u00e9e et saine. Il est aussi important de veiller \u00e0 \u00e9viter l\u2019usage de produits toxiques chez soi et m\u00eame d\u2019apprendre \u00e0 r\u00e9aliser ses propres produits d\u2019entretien m\u00e9nager. <b>Atelier de fabrication de lessives et savons<\/b>.<\/span><\/li>\n<\/ul>\n<\/li>\n<\/ul>\n<ul>\n<li style=\"list-style-type: none;\">\n<ul>\n<li><span style=\"color: #000000;\">Atelier \u00ab <b>Plats rigolos<\/b>\u00a0\u00bb\u00a0: Avec un assortiment de l\u00e9gumes, ou de fruits, que l\u2019on d\u00e9coupe, composer une jolie assiette amusante et\/ou artistique, la photographier, puis s\u2019en r\u00e9galer. C\u2019est de l\u2019art comestible \u00e9ph\u00e9m\u00e8re. A reproduire en groupe \u00e0 l\u2019occasion d\u2019un go\u00fbter ou d\u2019un ap\u00e9ro.<\/span><\/li>\n<\/ul>\n<\/li>\n<\/ul>\n<ul>\n<li style=\"list-style-type: none;\">\n<ul>\n<li><span style=\"color: #000000;\">Atelier \u00ab <b>Vannerie sauvage<\/b>\u00a0\u00bb\u00a0: r\u00e9colter dans les environs du lierre, du ch\u00e8vrefeuille ou d\u2019autres lianes sauvages et les tresser pour r\u00e9aliser une mangeoire \u00e0 oiseaux afin de les attirer pr\u00e8s du jardin partag\u00e9 ou du balcon.<\/span><\/li>\n<\/ul>\n<\/li>\n<\/ul>\n<ol start=\"4\">\n<li style=\"list-style-type: none;\">\n<ol start=\"4\">\n<li><span style=\"color: #000000;\"><b>Conf\u00e9rences<\/b><\/span><\/li>\n<\/ol>\n<\/li>\n<\/ol>\n<ul>\n<li style=\"list-style-type: none;\">\n<ul>\n<li><span style=\"color: #000000;\">Qu\u2019est-ce qu\u2019un jardin partag\u00e9 ?<\/span><\/li>\n<li><span style=\"color: #000000;\">Cons\u00e9quences locales du changement climatique<\/span><\/li>\n<li><span style=\"color: #000000;\">Cr\u00e8te, un jardin extraordinaire<\/span><\/li>\n<li><span style=\"color: #000000;\">Les Astro\u2019Fleurs, ou comment les plantes font de l\u2019astronomie sans le savoir<\/span><\/li>\n<li><span style=\"color: #000000;\">Les myst\u00e8res de Habas (Espace naturel sensible du nord de Bayonne)<\/span><\/li>\n<li><span style=\"color: #000000;\">Regard sur les Landes<\/span><\/li>\n<\/ul>\n<\/li>\n<\/ul>\n<p><span style=\"color: #000000;\"><strong>Pour plus d&rsquo;information sur les conditions et tarifs, contacter Libre Cueillette par mail : contact@libre-cueillette.net<\/strong><\/span><\/p>","protected":false},"excerpt":{"rendered":"<p>Principe : Planter des v\u00e9g\u00e9taux comestibles partout o\u00f9 c&rsquo;est possible, propos\u00e9s en libre cueillette. On peut r\u00e9colter un peu, mais pas tout, pour en laisser aux autres. Si besoin, le passant pourra arroser, semer, planter pour remplacer ce qui aura<\/p>\n","protected":false},"author":1,"featured_media":0,"parent":0,"menu_order":0,"comment_status":"closed","ping_status":"closed","template":"","meta":{"footnotes":""},"class_list":["post-124","page","type-page","status-publish","hentry"],"_links":{"self":[{"href":"https:\/\/libre-cueillette.net\/index.php\/wp-json\/wp\/v2\/pages\/124","targetHints":{"allow":["GET"]}}],"collection":[{"href":"https:\/\/libre-cueillette.net\/index.php\/wp-json\/wp\/v2\/pages"}],"about":[{"href":"https:\/\/libre-cueillette.net\/index.php\/wp-json\/wp\/v2\/types\/page"}],"author":[{"embeddable":true,"href":"https:\/\/libre-cueillette.net\/index.php\/wp-json\/wp\/v2\/users\/1"}],"replies":[{"embeddable":true,"href":"https:\/\/libre-cueillette.net\/index.php\/wp-json\/wp\/v2\/comments?post=124"}],"version-history":[{"count":11,"href":"https:\/\/libre-cueillette.net\/index.php\/wp-json\/wp\/v2\/pages\/124\/revisions"}],"predecessor-version":[{"id":9512,"href":"https:\/\/libre-cueillette.net\/index.php\/wp-json\/wp\/v2\/pages\/124\/revisions\/9512"}],"wp:attachment":[{"href":"https:\/\/libre-cueillette.net\/index.php\/wp-json\/wp\/v2\/media?parent=124"}],"curies":[{"name":"wp","href":"https:\/\/api.w.org\/{rel}","templated":true}]}}