{"id":6681,"date":"2021-01-09T12:01:39","date_gmt":"2021-01-09T11:01:39","guid":{"rendered":"http:\/\/libre-cueillette.net\/?page_id=6681"},"modified":"2023-06-16T08:31:36","modified_gmt":"2023-06-16T07:31:36","slug":"actions-et-projets","status":"publish","type":"page","link":"https:\/\/libre-cueillette.net\/","title":{"rendered":"Actions et projets"},"content":{"rendered":"<div class=\"wp-block-image\">\n<figure class=\"aligncenter size-large is-resized\"><img loading=\"lazy\" decoding=\"async\" src=\"https:\/\/libre-cueillette.net\/wp-content\/uploads\/BAB-2050_miniature.jpg\" alt=\"\" class=\"wp-image-8138\" width=\"449\" height=\"360\" srcset=\"https:\/\/libre-cueillette.net\/wp-content\/uploads\/BAB-2050_miniature.jpg 898w, https:\/\/libre-cueillette.net\/wp-content\/uploads\/BAB-2050_miniature-300x241.jpg 300w, https:\/\/libre-cueillette.net\/wp-content\/uploads\/BAB-2050_miniature-768x616.jpg 768w\" sizes=\"auto, (max-width: 449px) 100vw, 449px\" \/><figcaption class=\"wp-element-caption\"><span style=\"color:#000000\" class=\"tadv-color\">Diaporama d&rsquo;une s\u00e9lection des \u0153uvres du concours BAB 2050 sur YouTube<\/span><\/figcaption><\/figure>\n<\/div>\n\n\n<p><span style=\"color: #000000;\">R\u00e9action \u00e0 l&rsquo;injonction de d\u00e9broussaillement par le pr\u00e9fet et le maire d&rsquo;Anglet: \u00ab\u00a0<strong>Exp\u00e9rience au jardin<\/strong>\u00a0\u00bb (\u00e0 la rubrique Anglet sauvage)<\/span><\/p>\n<p><span style=\"color: #000000;\">Nouveau ! <strong>Ateliers au jardin botanique de Saint Jean de Luz<\/strong>: 6 mai 10h-12h \u00ab\u00a0Faut-il d\u00e9sherber ? Des herbes pas si mauvaises\u00a0\u00bb &#8211; 10 juin 10h-12h \u00ab\u00a0Permaculture\u00a0\u00bb<\/span><\/p>\n<p><span style=\"color: #000000;\">Nouveau ! <strong>Interview de Sonia de Libre Cueillette par TVPI<\/strong> \u00e0 Lilitegia sur les th\u00e8mes des \u00ab\u00a0herbes folles\u00a0\u00bb et des limaces.<br \/><\/span><\/p>\n<p><span style=\"color: #000000;\">Ateliers de jardinage pour les tout-petits: Reprise \u00e0 la <strong>cr\u00e8che Mouriscot<\/strong>.<\/span><\/p>\n<p><span style=\"color: #000000;\">R\u00e9sidence Lilitegia: le jardin sur les toits, un an d\u00e9j\u00e0<\/span><\/p>\n<p><span style=\"color: #000000;\">Ateliers Libre Cueillette : <strong>une maquette pour imaginer la cour de demain<\/strong>. Exposition au CDI du lyc\u00e9e Paul Bert et chef d\u2019\u0153uvre comptant pour l&rsquo;examen des CAP<\/span><\/p>\n<p><span style=\"color: #000000;\">BAB 2050, Carnet de voyage d&rsquo;anticipation: <strong>Recherche d&rsquo;artistes<\/strong> pour illustrer l&rsquo;avenir.<\/span><\/p>\n<p><span style=\"color: #000000;\">Lecture coup de c\u0153ur ! <strong>Marc-Andr\u00e9 Selosse<\/strong>: Jamais seul, Les go\u00fbts et les couleurs du monde, L&rsquo;origine du monde<\/span><\/p>\n<p><span style=\"color: #000000;\"><strong>Conf\u00e9rences de Cathy<\/strong>: Cr\u00e8te, un jardin extraordinaire &#8211; Cons\u00e9quences locales du changement climatique &#8211; Les Astro&rsquo;Fleurs ou Comment les plantes font de l&rsquo;astronomie sans le savoir<\/span><\/p>\n\n\n<div class=\"wp-block-image\">\n<figure class=\"aligncenter size-large is-resized\"><img loading=\"lazy\" decoding=\"async\" src=\"https:\/\/libre-cueillette.net\/wp-content\/uploads\/aIMG_20210503_151213-1024x777.jpg\" alt=\"\" class=\"wp-image-8140\" width=\"512\" height=\"389\" srcset=\"https:\/\/libre-cueillette.net\/wp-content\/uploads\/aIMG_20210503_151213-1024x777.jpg 1024w, https:\/\/libre-cueillette.net\/wp-content\/uploads\/aIMG_20210503_151213-300x228.jpg 300w, https:\/\/libre-cueillette.net\/wp-content\/uploads\/aIMG_20210503_151213-768x582.jpg 768w, https:\/\/libre-cueillette.net\/wp-content\/uploads\/aIMG_20210503_151213.jpg 1200w\" sizes=\"auto, (max-width: 512px) 100vw, 512px\" \/><figcaption class=\"wp-element-caption\"><span style=\"color:#000000\" class=\"tadv-color\">Concours BAB 2050 : Une grande diversit\u00e9 d\u2019\u0153uvres r\u00e9alis\u00e9es par les \u00e9l\u00e8ves et \u00e9tudiants<\/span><\/figcaption><\/figure>\n<\/div>\n\n\n<h4 class=\"wp-block-heading has-black-color has-text-color\">Depuis fin 2020, Libre Cueillette fait partie du Collectif pour l&rsquo;autonomie alimentaire. Associations partenaires animant des jardins partag\u00e9s: <\/h4>\n\n\n\n<ul class=\"wp-block-list\">\n<li>Bayonne: <a rel=\"noreferrer noopener\" aria-label=\"Graines de libert\u00e9 (s\u2019ouvre dans un nouvel onglet)\" href=\"https:\/\/www.grainesdeliberte.com\/\" target=\"_blank\">Graines de libert\u00e9<\/a>, <a rel=\"noreferrer noopener\" aria-label=\"les G\u00e9nies verts (s\u2019ouvre dans un nouvel onglet)\" href=\"https:\/\/lesgeniesverts.fr\/\" target=\"_blank\">les G\u00e9nies verts<\/a>, <a rel=\"noreferrer noopener\" aria-label=\"les M\u00e8res Poules (s\u2019ouvre dans un nouvel onglet)\" href=\"https:\/\/www.facebook.com\/lesmerespoules\/\" target=\"_blank\">les M\u00e8res Poules<\/a>, <a rel=\"noreferrer noopener\" aria-label=\"le jardin des remparts (s\u2019ouvre dans un nouvel onglet)\" href=\"https:\/\/www.facebook.com\/jardindesremparts\/?ref=py_c\" target=\"_blank\">le jardin des remparts<\/a>, <\/li>\n\n\n\n<li>Biarritz: <a rel=\"noreferrer noopener\" aria-label=\"Bio Divers Cit\u00e9 (s\u2019ouvre dans un nouvel onglet)\" href=\"https:\/\/biodiverscite.fr\/\" target=\"_blank\">Bio Divers Cit\u00e9<\/a>, <\/li>\n\n\n\n<li>Cambo: <a rel=\"noreferrer noopener\" href=\"https:\/\/lesgeniesverts.fr\/\" target=\"_blank\">les G\u00e9nies verts<\/a><\/li>\n<\/ul>\n\n\n<div class=\"wp-block-image\">\n<figure class=\"aligncenter\"><img loading=\"lazy\" decoding=\"async\" width=\"500\" height=\"437\" src=\"https:\/\/libre-cueillette.net\/wp-content\/uploads\/chardonneret_DSC01610.jpg\" alt=\"\" class=\"wp-image-6683\" srcset=\"https:\/\/libre-cueillette.net\/wp-content\/uploads\/chardonneret_DSC01610.jpg 500w, https:\/\/libre-cueillette.net\/wp-content\/uploads\/chardonneret_DSC01610-300x262.jpg 300w\" sizes=\"auto, (max-width: 500px) 100vw, 500px\" \/><figcaption class=\"wp-element-caption\"> <span style=\"color:#000000\" class=\"tadv-color\">En ville, laisser cro\u00eetre des prairies plut\u00f4t que tondre des pelouses ! (Chardonneret)<\/span><\/figcaption><\/figure>\n<\/div>","protected":false},"excerpt":{"rendered":"<p>R\u00e9action \u00e0 l&rsquo;injonction de d\u00e9broussaillement par le pr\u00e9fet et le maire d&rsquo;Anglet: \u00ab\u00a0Exp\u00e9rience au jardin\u00a0\u00bb (\u00e0 la rubrique Anglet sauvage) Nouveau ! Ateliers au jardin botanique de Saint Jean de Luz: 6 mai 10h-12h \u00ab\u00a0Faut-il d\u00e9sherber ? Des herbes pas<\/p>\n","protected":false},"author":1,"featured_media":0,"parent":0,"menu_order":0,"comment_status":"closed","ping_status":"closed","template":"","meta":{"footnotes":""},"class_list":["post-6681","page","type-page","status-publish","hentry"],"_links":{"self":[{"href":"https:\/\/libre-cueillette.net\/index.php\/wp-json\/wp\/v2\/pages\/6681","targetHints":{"allow":["GET"]}}],"collection":[{"href":"https:\/\/libre-cueillette.net\/index.php\/wp-json\/wp\/v2\/pages"}],"about":[{"href":"https:\/\/libre-cueillette.net\/index.php\/wp-json\/wp\/v2\/types\/page"}],"author":[{"embeddable":true,"href":"https:\/\/libre-cueillette.net\/index.php\/wp-json\/wp\/v2\/users\/1"}],"replies":[{"embeddable":true,"href":"https:\/\/libre-cueillette.net\/index.php\/wp-json\/wp\/v2\/comments?post=6681"}],"version-history":[{"count":73,"href":"https:\/\/libre-cueillette.net\/index.php\/wp-json\/wp\/v2\/pages\/6681\/revisions"}],"predecessor-version":[{"id":10142,"href":"https:\/\/libre-cueillette.net\/index.php\/wp-json\/wp\/v2\/pages\/6681\/revisions\/10142"}],"wp:attachment":[{"href":"https:\/\/libre-cueillette.net\/index.php\/wp-json\/wp\/v2\/media?parent=6681"}],"curies":[{"name":"wp","href":"https:\/\/api.w.org\/{rel}","templated":true}]}}

<div class="wp-block-image">
<figure class="aligncenter size-large is-resized"><img loading="lazy" decoding="async" src="https://libre-cueillette.net/wp-content/uploads/BAB-2050_miniature.jpg" alt="" class="wp-image-8138" width="449" height="360" srcset="https://libre-cueillette.net/wp-content/uploads/BAB-2050_miniature.jpg 898w, https://libre-cueillette.net/wp-content/uploads/BAB-2050_miniature-300x241.jpg 300w, https://libre-cueillette.net/wp-content/uploads/BAB-2050_miniature-768x616.jpg 768w" sizes="auto, (max-width: 449px) 100vw, 449px" /><figcaption class="wp-element-caption"><span style="color:#000000" class="tadv-color">Diaporama d&rsquo;une sélection des œuvres du concours BAB 2050 sur YouTube</span></figcaption></figure>
</div>


<p><span style="color: #000000;">Réaction à l&rsquo;injonction de débroussaillement par le préfet et le maire d&rsquo;Anglet: « <strong>Expérience au jardin</strong> » (à la rubrique Anglet sauvage)</span></p>
<p><span style="color: #000000;">Nouveau ! <strong>Ateliers au jardin botanique de Saint Jean de Luz</strong>: 6 mai 10h-12h « Faut-il désherber ? Des herbes pas si mauvaises » &#8211; 10 juin 10h-12h « Permaculture »</span></p>
<p><span style="color: #000000;">Nouveau ! <strong>Interview de Sonia de Libre Cueillette par TVPI</strong> à Lilitegia sur les thèmes des « herbes folles » et des limaces.<br /></span></p>
<p><span style="color: #000000;">Ateliers de jardinage pour les tout-petits: Reprise à la <strong>crèche Mouriscot</strong>.</span></p>
<p><span style="color: #000000;">Résidence Lilitegia: le jardin sur les toits, un an déjà</span></p>
<p><span style="color: #000000;">Ateliers Libre Cueillette : <strong>une maquette pour imaginer la cour de demain</strong>. Exposition au CDI du lycée Paul Bert et chef d’œuvre comptant pour l&rsquo;examen des CAP</span></p>
<p><span style="color: #000000;">BAB 2050, Carnet de voyage d&rsquo;anticipation: <strong>Recherche d&rsquo;artistes</strong> pour illustrer l&rsquo;avenir.</span></p>
<p><span style="color: #000000;">Lecture coup de cœur ! <strong>Marc-André Selosse</strong>: Jamais seul, Les goûts et les couleurs du monde, L&rsquo;origine du monde</span></p>
<p><span style="color: #000000;"><strong>Conférences de Cathy</strong>: Crète, un jardin extraordinaire &#8211; Conséquences locales du changement climatique &#8211; Les Astro&rsquo;Fleurs ou Comment les plantes font de l&rsquo;astronomie sans le savoir</span></p>


<div class="wp-block-image">
<figure class="aligncenter size-large is-resized"><img loading="lazy" decoding="async" src="https://libre-cueillette.net/wp-content/uploads/aIMG_20210503_151213-1024x777.jpg" alt="" class="wp-image-8140" width="512" height="389" srcset="https://libre-cueillette.net/wp-content/uploads/aIMG_20210503_151213-1024x777.jpg 1024w, https://libre-cueillette.net/wp-content/uploads/aIMG_20210503_151213-300x228.jpg 300w, https://libre-cueillette.net/wp-content/uploads/aIMG_20210503_151213-768x582.jpg 768w, https://libre-cueillette.net/wp-content/uploads/aIMG_20210503_151213.jpg 1200w" sizes="auto, (max-width: 512px) 100vw, 512px" /><figcaption class="wp-element-caption"><span style="color:#000000" class="tadv-color">Concours BAB 2050 : Une grande diversité d’œuvres réalisées par les élèves et étudiants</span></figcaption></figure>
</div>


<h4 class="wp-block-heading has-black-color has-text-color">Depuis fin 2020, Libre Cueillette fait partie du Collectif pour l&rsquo;autonomie alimentaire. Associations partenaires animant des jardins partagés: </h4>



<ul class="wp-block-list">
<li>Bayonne: <a rel="noreferrer noopener" aria-label="Graines de liberté (s’ouvre dans un nouvel onglet)" href="https://www.grainesdeliberte.com/" target="_blank">Graines de liberté</a>, <a rel="noreferrer noopener" aria-label="les Génies verts (s’ouvre dans un nouvel onglet)" href="https://lesgeniesverts.fr/" target="_blank">les Génies verts</a>, <a rel="noreferrer noopener" aria-label="les Mères Poules (s’ouvre dans un nouvel onglet)" href="https://www.facebook.com/lesmerespoules/" target="_blank">les Mères Poules</a>, <a rel="noreferrer noopener" aria-label="le jardin des remparts (s’ouvre dans un nouvel onglet)" href="https://www.facebook.com/jardindesremparts/?ref=py_c" target="_blank">le jardin des remparts</a>, </li>



<li>Biarritz: <a rel="noreferrer noopener" aria-label="Bio Divers Cité (s’ouvre dans un nouvel onglet)" href="https://biodiverscite.fr/" target="_blank">Bio Divers Cité</a>, </li>



<li>Cambo: <a rel="noreferrer noopener" href="https://lesgeniesverts.fr/" target="_blank">les Génies verts</a></li>
</ul>


<div class="wp-block-image">
<figure class="aligncenter"><img loading="lazy" decoding="async" width="500" height="437" src="https://libre-cueillette.net/wp-content/uploads/chardonneret_DSC01610.jpg" alt="" class="wp-image-6683" srcset="https://libre-cueillette.net/wp-content/uploads/chardonneret_DSC01610.jpg 500w, https://libre-cueillette.net/wp-content/uploads/chardonneret_DSC01610-300x262.jpg 300w" sizes="auto, (max-width: 500px) 100vw, 500px" /><figcaption class="wp-element-caption"> <span style="color:#000000" class="tadv-color">En ville, laisser croître des prairies plutôt que tondre des pelouses ! (Chardonneret)</span></figcaption></figure>
</div>

<p>Réaction à l&rsquo;injonction de débroussaillement par le préfet et le maire d&rsquo;Anglet: « Expérience au jardin » (à la rubrique Anglet sauvage) Nouveau ! Ateliers au jardin botanique de Saint Jean de Luz: 6 mai 10h-12h « Faut-il désherber ? Des herbes pas</p>
